{"id":1997,"date":"2025-04-03T14:26:17","date_gmt":"2025-04-03T12:26:17","guid":{"rendered":"https:\/\/les-ateliers-dalex.fr\/?page_id=1997"},"modified":"2025-11-18T11:32:56","modified_gmt":"2025-11-18T10:32:56","slug":"mes-actions-et-ateliers-en-2025","status":"publish","type":"page","link":"https:\/\/les-ateliers-dalex.fr\/?page_id=1997","title":{"rendered":"Mes actions et ateliers en 2025"},"content":{"rendered":"\n<p class=\"has-text-align-center\">Avec le <strong>Centre Social Espalion Estaing (12)<\/strong> <\/p>\n\n\n\n<p class=\"has-text-align-center\">*animation d&rsquo;un <strong><em>groupe de paroles<\/em><\/strong> \u00ab\u00a0Parents parlons-en\u00a0\u00bb: 1 soir\u00e9e par mois de janvier \u00e0 d\u00e9cembre <\/p>\n\n\n\n<div class=\"wp-block-image\"><figure class=\"aligncenter size-full is-resized\"><img loading=\"lazy\" decoding=\"async\" src=\"https:\/\/les-ateliers-dalex.fr\/wp-content\/uploads\/2025\/09\/Parents-parlons-en-1-1-724x1024-1.png\" alt=\"\" class=\"wp-image-2043\" width=\"399\" height=\"565\" srcset=\"https:\/\/les-ateliers-dalex.fr\/wp-content\/uploads\/2025\/09\/Parents-parlons-en-1-1-724x1024-1.png 724w, https:\/\/les-ateliers-dalex.fr\/wp-content\/uploads\/2025\/09\/Parents-parlons-en-1-1-724x1024-1-212x300.png 212w\" sizes=\"auto, (max-width: 399px) 100vw, 399px\" \/><\/figure><\/div>\n\n\n\n<hr class=\"wp-block-separator\"\/>\n\n\n\n<p class=\"has-text-align-center\">Avec le <strong>Centre Social et d&rsquo;initiatives de Bozouls ( 12)<\/strong> <\/p>\n\n\n\n<p class=\"has-text-align-center\">*fonction d\u2019<em><strong>accueillante au Lieu d\u2019Accueil Parents Enfants<\/strong><\/em>&nbsp;&nbsp;\u00bb La Papotine&nbsp;\u00bb \u00e0 Bozouls 1 mardi matin sur 2 de janvier \u00e0 septembre 2025. Tous les mardis matins en octobre, novembre et d\u00e9cembre.<\/p>\n\n\n\n<p>*animatrice au Laboratoire de l&rsquo;\u00e9veil \u00e0 Bozouls, tous les lundis matins en novembre et d\u00e9cembre. Atelier Montessori 1 lundi sur 2, atelier BougeOtte ( motricit\u00e9 libre) 1 lundi sur 2. <\/p>\n\n\n\n<figure class=\"wp-block-gallery aligncenter columns-3 is-cropped wp-block-gallery-1 is-layout-flex wp-block-gallery-is-layout-flex\"><ul class=\"blocks-gallery-grid\"><li class=\"blocks-gallery-item\"><figure><img loading=\"lazy\" decoding=\"async\" width=\"716\" height=\"1024\" src=\"https:\/\/les-ateliers-dalex.fr\/wp-content\/uploads\/2025\/11\/IMG_0335-716x1024.jpeg\" alt=\"\" data-id=\"2132\" data-full-url=\"https:\/\/les-ateliers-dalex.fr\/wp-content\/uploads\/2025\/11\/IMG_0335-scaled.jpeg\" data-link=\"https:\/\/les-ateliers-dalex.fr\/?attachment_id=2132\" class=\"wp-image-2132\" srcset=\"https:\/\/les-ateliers-dalex.fr\/wp-content\/uploads\/2025\/11\/IMG_0335-716x1024.jpeg 716w, https:\/\/les-ateliers-dalex.fr\/wp-content\/uploads\/2025\/11\/IMG_0335-210x300.jpeg 210w, https:\/\/les-ateliers-dalex.fr\/wp-content\/uploads\/2025\/11\/IMG_0335-768x1098.jpeg 768w, https:\/\/les-ateliers-dalex.fr\/wp-content\/uploads\/2025\/11\/IMG_0335-1075x1536.jpeg 1075w, https:\/\/les-ateliers-dalex.fr\/wp-content\/uploads\/2025\/11\/IMG_0335-1433x2048.jpeg 1433w, https:\/\/les-ateliers-dalex.fr\/wp-content\/uploads\/2025\/11\/IMG_0335-scaled.jpeg 1791w\" sizes=\"auto, (max-width: 716px) 100vw, 716px\" \/><\/figure><\/li><li class=\"blocks-gallery-item\"><figure><img loading=\"lazy\" decoding=\"async\" width=\"724\" height=\"1024\" src=\"https:\/\/les-ateliers-dalex.fr\/wp-content\/uploads\/2024\/04\/IMG_4447-724x1024.jpg\" alt=\"\" data-id=\"1921\" data-full-url=\"https:\/\/les-ateliers-dalex.fr\/wp-content\/uploads\/2024\/04\/IMG_4447.jpg\" data-link=\"https:\/\/les-ateliers-dalex.fr\/?attachment_id=1921\" class=\"wp-image-1921\" srcset=\"https:\/\/les-ateliers-dalex.fr\/wp-content\/uploads\/2024\/04\/IMG_4447-724x1024.jpg 724w, https:\/\/les-ateliers-dalex.fr\/wp-content\/uploads\/2024\/04\/IMG_4447-212x300.jpg 212w, https:\/\/les-ateliers-dalex.fr\/wp-content\/uploads\/2024\/04\/IMG_4447-768x1086.jpg 768w, https:\/\/les-ateliers-dalex.fr\/wp-content\/uploads\/2024\/04\/IMG_4447-1086x1536.jpg 1086w, https:\/\/les-ateliers-dalex.fr\/wp-content\/uploads\/2024\/04\/IMG_4447.jpg 1414w\" sizes=\"auto, (max-width: 724px) 100vw, 724px\" \/><\/figure><\/li><li class=\"blocks-gallery-item\"><figure><img loading=\"lazy\" decoding=\"async\" width=\"718\" height=\"1024\" src=\"https:\/\/les-ateliers-dalex.fr\/wp-content\/uploads\/2025\/11\/IMG_0334-718x1024.jpeg\" alt=\"\" data-id=\"2130\" data-full-url=\"https:\/\/les-ateliers-dalex.fr\/wp-content\/uploads\/2025\/11\/IMG_0334-scaled.jpeg\" data-link=\"https:\/\/les-ateliers-dalex.fr\/?attachment_id=2130\" class=\"wp-image-2130\" srcset=\"https:\/\/les-ateliers-dalex.fr\/wp-content\/uploads\/2025\/11\/IMG_0334-718x1024.jpeg 718w, https:\/\/les-ateliers-dalex.fr\/wp-content\/uploads\/2025\/11\/IMG_0334-210x300.jpeg 210w, https:\/\/les-ateliers-dalex.fr\/wp-content\/uploads\/2025\/11\/IMG_0334-768x1095.jpeg 768w, https:\/\/les-ateliers-dalex.fr\/wp-content\/uploads\/2025\/11\/IMG_0334-1077x1536.jpeg 1077w, https:\/\/les-ateliers-dalex.fr\/wp-content\/uploads\/2025\/11\/IMG_0334-1437x2048.jpeg 1437w, https:\/\/les-ateliers-dalex.fr\/wp-content\/uploads\/2025\/11\/IMG_0334-scaled.jpeg 1796w\" sizes=\"auto, (max-width: 718px) 100vw, 718px\" \/><\/figure><\/li><\/ul><\/figure>\n\n\n\n<hr class=\"wp-block-separator\"\/>\n\n\n\n<p class=\"has-text-align-center\">Avec la Communaut\u00e9 de Communes Aubrac Carladez Viad\u00e8ne, animation d&rsquo;un atelier autour des \u00e9motions, le dimanche 23 f\u00e9vrier \u00e0 Laguiole<\/p>\n\n\n\n<div class=\"wp-block-image\"><figure class=\"aligncenter size-large is-resized\"><img loading=\"lazy\" decoding=\"async\" src=\"https:\/\/les-ateliers-dalex.fr\/wp-content\/uploads\/2025\/09\/Atelier-parentalite-23-fev-724x1024.png\" alt=\"\" class=\"wp-image-2047\" width=\"488\" height=\"690\" srcset=\"https:\/\/les-ateliers-dalex.fr\/wp-content\/uploads\/2025\/09\/Atelier-parentalite-23-fev-724x1024.png 724w, https:\/\/les-ateliers-dalex.fr\/wp-content\/uploads\/2025\/09\/Atelier-parentalite-23-fev-212x300.png 212w, https:\/\/les-ateliers-dalex.fr\/wp-content\/uploads\/2025\/09\/Atelier-parentalite-23-fev-768x1086.png 768w, https:\/\/les-ateliers-dalex.fr\/wp-content\/uploads\/2025\/09\/Atelier-parentalite-23-fev-1086x1536.png 1086w, https:\/\/les-ateliers-dalex.fr\/wp-content\/uploads\/2025\/09\/Atelier-parentalite-23-fev.png 1414w\" sizes=\"auto, (max-width: 488px) 100vw, 488px\" \/><\/figure><\/div>\n\n\n\n<hr class=\"wp-block-separator\"\/>\n\n\n\n<p class=\"has-text-align-center\">Avec le&nbsp;<strong>Relais Petite Enfance \u00ab&nbsp;R\u00eave avec moi&nbsp;\u00bb de S\u00e9bazac&nbsp;<\/strong>( 12): animation de 2<em><strong>&nbsp;ateliers collectifs de d\u00e9couverte du portage physiologique&nbsp;<\/strong><\/em>pour les familles utilisatrices du RPE. Les samedi 24 mai et 5 juillet .<\/p>\n\n\n\n<div class=\"wp-block-image\"><figure class=\"aligncenter size-large is-resized\"><img loading=\"lazy\" decoding=\"async\" src=\"https:\/\/les-ateliers-dalex.fr\/wp-content\/uploads\/2025\/09\/affiche-portage-24-mai-724x1024.jpg\" alt=\"\" class=\"wp-image-2041\" width=\"463\" height=\"654\" srcset=\"https:\/\/les-ateliers-dalex.fr\/wp-content\/uploads\/2025\/09\/affiche-portage-24-mai-724x1024.jpg 724w, https:\/\/les-ateliers-dalex.fr\/wp-content\/uploads\/2025\/09\/affiche-portage-24-mai-212x300.jpg 212w, https:\/\/les-ateliers-dalex.fr\/wp-content\/uploads\/2025\/09\/affiche-portage-24-mai-768x1086.jpg 768w, https:\/\/les-ateliers-dalex.fr\/wp-content\/uploads\/2025\/09\/affiche-portage-24-mai-1086x1536.jpg 1086w, https:\/\/les-ateliers-dalex.fr\/wp-content\/uploads\/2025\/09\/affiche-portage-24-mai.jpg 1448w\" sizes=\"auto, (max-width: 463px) 100vw, 463px\" \/><\/figure><\/div>\n\n\n\n<hr class=\"wp-block-separator\"\/>\n\n\n\n<p class=\"has-text-align-center\">Avec la&nbsp;<strong>micro-cr\u00e8che priv\u00e9e \u00ab&nbsp;La cabane des Pitchous&nbsp;\u00bb de Rodez<\/strong>&nbsp;(12) : interventions pour des <strong><em>s\u00e9ances de supervision<\/em><\/strong> avec l\u2019\u00e9quipe tout au long de l\u2019ann\u00e9e.<\/p>\n\n\n\n<hr class=\"wp-block-separator\"\/>\n\n\n\n<p class=\"has-text-align-center\">Avec le collectif <strong>\u00ab\u00a0Respecter l&rsquo;Enfance\u00a0\u00bb<\/strong> : Rencontre dans le cadre de la 22\u00e8me Journ\u00e9e de la Non Violence Educative<\/p>\n\n\n\n<div class=\"wp-block-image is-style-default\"><figure class=\"aligncenter size-large is-resized\"><img decoding=\"async\" src=\"https:\/\/les-ateliers-dalex.fr\/wp-content\/uploads\/2025\/04\/IMG_8288-1-767x1024.jpg\" alt=\"\" class=\"wp-image-2012\" width=\"-865\" height=\"-1154\" srcset=\"https:\/\/les-ateliers-dalex.fr\/wp-content\/uploads\/2025\/04\/IMG_8288-1-767x1024.jpg 767w, https:\/\/les-ateliers-dalex.fr\/wp-content\/uploads\/2025\/04\/IMG_8288-1-225x300.jpg 225w, https:\/\/les-ateliers-dalex.fr\/wp-content\/uploads\/2025\/04\/IMG_8288-1-768x1025.jpg 768w, https:\/\/les-ateliers-dalex.fr\/wp-content\/uploads\/2025\/04\/IMG_8288-1.jpg 1125w\" sizes=\"(max-width: 767px) 89vw, (max-width: 1000px) 54vw, (max-width: 1071px) 543px, 580px\" \/><\/figure><\/div>\n\n\n\n<hr class=\"wp-block-separator\"\/>\n\n\n\n<p class=\"has-text-align-center\">Avec les micro-cr\u00e8ches l&rsquo;\u00cele aux enfants ( Le Monast\u00e8re 12)  et l&rsquo;\u00cele aux \u00e9toiles ( La Primaube 12), j&rsquo;ai particip\u00e9 \u00e0 la journ\u00e9e des familles au Monast\u00e8re ( 12) le 4 octobre 2025. J&rsquo;y ai propos\u00e9 des initiations au massage b\u00e9b\u00e9 et au portage en sling.<\/p>\n\n\n\n<figure class=\"wp-block-gallery columns-3 is-cropped wp-block-gallery-2 is-layout-flex wp-block-gallery-is-layout-flex\"><ul class=\"blocks-gallery-grid\"><li class=\"blocks-gallery-item\"><figure><img loading=\"lazy\" decoding=\"async\" width=\"709\" height=\"1024\" src=\"https:\/\/les-ateliers-dalex.fr\/wp-content\/uploads\/2025\/11\/IMG_2202-709x1024.jpeg\" alt=\"\" data-id=\"2135\" data-full-url=\"https:\/\/les-ateliers-dalex.fr\/wp-content\/uploads\/2025\/11\/IMG_2202-scaled.jpeg\" data-link=\"https:\/\/les-ateliers-dalex.fr\/?attachment_id=2135\" class=\"wp-image-2135\" srcset=\"https:\/\/les-ateliers-dalex.fr\/wp-content\/uploads\/2025\/11\/IMG_2202-709x1024.jpeg 709w, https:\/\/les-ateliers-dalex.fr\/wp-content\/uploads\/2025\/11\/IMG_2202-208x300.jpeg 208w, https:\/\/les-ateliers-dalex.fr\/wp-content\/uploads\/2025\/11\/IMG_2202-768x1110.jpeg 768w, https:\/\/les-ateliers-dalex.fr\/wp-content\/uploads\/2025\/11\/IMG_2202-1063x1536.jpeg 1063w, https:\/\/les-ateliers-dalex.fr\/wp-content\/uploads\/2025\/11\/IMG_2202-1417x2048.jpeg 1417w, https:\/\/les-ateliers-dalex.fr\/wp-content\/uploads\/2025\/11\/IMG_2202-scaled.jpeg 1772w\" sizes=\"auto, (max-width: 709px) 100vw, 709px\" \/><\/figure><\/li><li class=\"blocks-gallery-item\"><figure><img loading=\"lazy\" decoding=\"async\" width=\"1024\" height=\"990\" src=\"https:\/\/les-ateliers-dalex.fr\/wp-content\/uploads\/2025\/11\/IMG_2201-1024x990.jpeg\" alt=\"\" data-id=\"2127\" data-full-url=\"https:\/\/les-ateliers-dalex.fr\/wp-content\/uploads\/2025\/11\/IMG_2201.jpeg\" data-link=\"https:\/\/les-ateliers-dalex.fr\/?attachment_id=2127\" class=\"wp-image-2127\" srcset=\"https:\/\/les-ateliers-dalex.fr\/wp-content\/uploads\/2025\/11\/IMG_2201-1024x990.jpeg 1024w, https:\/\/les-ateliers-dalex.fr\/wp-content\/uploads\/2025\/11\/IMG_2201-300x290.jpeg 300w, https:\/\/les-ateliers-dalex.fr\/wp-content\/uploads\/2025\/11\/IMG_2201-768x742.jpeg 768w, https:\/\/les-ateliers-dalex.fr\/wp-content\/uploads\/2025\/11\/IMG_2201.jpeg 1170w\" sizes=\"auto, (max-width: 767px) 89vw, (max-width: 1000px) 54vw, (max-width: 1071px) 543px, 580px\" \/><\/figure><\/li><li class=\"blocks-gallery-item\"><figure><img loading=\"lazy\" decoding=\"async\" width=\"1024\" height=\"973\" src=\"https:\/\/les-ateliers-dalex.fr\/wp-content\/uploads\/2025\/11\/IMG_2200-1024x973.jpeg\" alt=\"\" data-id=\"2126\" data-full-url=\"https:\/\/les-ateliers-dalex.fr\/wp-content\/uploads\/2025\/11\/IMG_2200.jpeg\" data-link=\"https:\/\/les-ateliers-dalex.fr\/?attachment_id=2126\" class=\"wp-image-2126\" srcset=\"https:\/\/les-ateliers-dalex.fr\/wp-content\/uploads\/2025\/11\/IMG_2200-1024x973.jpeg 1024w, https:\/\/les-ateliers-dalex.fr\/wp-content\/uploads\/2025\/11\/IMG_2200-300x285.jpeg 300w, https:\/\/les-ateliers-dalex.fr\/wp-content\/uploads\/2025\/11\/IMG_2200-768x730.jpeg 768w, https:\/\/les-ateliers-dalex.fr\/wp-content\/uploads\/2025\/11\/IMG_2200.jpeg 1170w\" sizes=\"auto, (max-width: 767px) 89vw, (max-width: 1000px) 54vw, (max-width: 1071px) 543px, 580px\" \/><\/figure><\/li><\/ul><\/figure>\n\n\n\n<hr class=\"wp-block-separator\"\/>\n\n\n\n<p class=\"has-text-align-center\">Et, tout le long de l\u2019ann\u00e9e, des ateliers individuels de portage physiologique, des cycles de massage b\u00e9b\u00e9 et des locations de porte-b\u00e9b\u00e9.<\/p>\n\n\n\n<figure class=\"wp-block-gallery columns-3 is-cropped wp-block-gallery-3 is-layout-flex wp-block-gallery-is-layout-flex\"><ul class=\"blocks-gallery-grid\"><li class=\"blocks-gallery-item\"><figure><img loading=\"lazy\" decoding=\"async\" width=\"1024\" height=\"1004\" src=\"https:\/\/les-ateliers-dalex.fr\/wp-content\/uploads\/2022\/07\/IMG_1659-1024x1004.jpg\" alt=\"\" data-id=\"1788\" data-full-url=\"https:\/\/les-ateliers-dalex.fr\/wp-content\/uploads\/2022\/07\/IMG_1659.jpg\" data-link=\"https:\/\/les-ateliers-dalex.fr\/?attachment_id=1788\" class=\"wp-image-1788\" srcset=\"https:\/\/les-ateliers-dalex.fr\/wp-content\/uploads\/2022\/07\/IMG_1659-1024x1004.jpg 1024w, https:\/\/les-ateliers-dalex.fr\/wp-content\/uploads\/2022\/07\/IMG_1659-300x294.jpg 300w, https:\/\/les-ateliers-dalex.fr\/wp-content\/uploads\/2022\/07\/IMG_1659-768x753.jpg 768w, https:\/\/les-ateliers-dalex.fr\/wp-content\/uploads\/2022\/07\/IMG_1659-1536x1506.jpg 1536w, https:\/\/les-ateliers-dalex.fr\/wp-content\/uploads\/2022\/07\/IMG_1659.jpg 1965w\" sizes=\"auto, (max-width: 767px) 89vw, (max-width: 1000px) 54vw, (max-width: 1071px) 543px, 580px\" \/><\/figure><\/li><li class=\"blocks-gallery-item\"><figure><img loading=\"lazy\" decoding=\"async\" width=\"1000\" height=\"1000\" src=\"https:\/\/les-ateliers-dalex.fr\/wp-content\/uploads\/2021\/04\/fidella-echarpe-de-portage-classic-persian-paisley-beau-noir-sling.jpg\" alt=\"\" data-id=\"1624\" data-full-url=\"https:\/\/les-ateliers-dalex.fr\/wp-content\/uploads\/2021\/04\/fidella-echarpe-de-portage-classic-persian-paisley-beau-noir-sling.jpg\" data-link=\"https:\/\/les-ateliers-dalex.fr\/?attachment_id=1624\" class=\"wp-image-1624\" srcset=\"https:\/\/les-ateliers-dalex.fr\/wp-content\/uploads\/2021\/04\/fidella-echarpe-de-portage-classic-persian-paisley-beau-noir-sling.jpg 1000w, https:\/\/les-ateliers-dalex.fr\/wp-content\/uploads\/2021\/04\/fidella-echarpe-de-portage-classic-persian-paisley-beau-noir-sling-300x300.jpg 300w, https:\/\/les-ateliers-dalex.fr\/wp-content\/uploads\/2021\/04\/fidella-echarpe-de-portage-classic-persian-paisley-beau-noir-sling-150x150.jpg 150w, https:\/\/les-ateliers-dalex.fr\/wp-content\/uploads\/2021\/04\/fidella-echarpe-de-portage-classic-persian-paisley-beau-noir-sling-768x768.jpg 768w, https:\/\/les-ateliers-dalex.fr\/wp-content\/uploads\/2021\/04\/fidella-echarpe-de-portage-classic-persian-paisley-beau-noir-sling-100x100.jpg 100w\" sizes=\"auto, (max-width: 767px) 89vw, (max-width: 1000px) 54vw, (max-width: 1071px) 543px, 580px\" \/><\/figure><\/li><li class=\"blocks-gallery-item\"><figure><img loading=\"lazy\" decoding=\"async\" width=\"1024\" height=\"1024\" src=\"https:\/\/les-ateliers-dalex.fr\/wp-content\/uploads\/2020\/04\/3C6D36B2-04D4-4792-A739-2A8F5F450191-1024x1024.jpeg\" alt=\"\" data-id=\"736\" data-full-url=\"https:\/\/les-ateliers-dalex.fr\/wp-content\/uploads\/2020\/04\/3C6D36B2-04D4-4792-A739-2A8F5F450191.jpeg\" data-link=\"https:\/\/les-ateliers-dalex.fr\/?attachment_id=736\" class=\"wp-image-736\" srcset=\"https:\/\/les-ateliers-dalex.fr\/wp-content\/uploads\/2020\/04\/3C6D36B2-04D4-4792-A739-2A8F5F450191-1024x1024.jpeg 1024w, https:\/\/les-ateliers-dalex.fr\/wp-content\/uploads\/2020\/04\/3C6D36B2-04D4-4792-A739-2A8F5F450191-150x150.jpeg 150w, https:\/\/les-ateliers-dalex.fr\/wp-content\/uploads\/2020\/04\/3C6D36B2-04D4-4792-A739-2A8F5F450191-300x300.jpeg 300w, https:\/\/les-ateliers-dalex.fr\/wp-content\/uploads\/2020\/04\/3C6D36B2-04D4-4792-A739-2A8F5F450191-768x768.jpeg 768w, https:\/\/les-ateliers-dalex.fr\/wp-content\/uploads\/2020\/04\/3C6D36B2-04D4-4792-A739-2A8F5F450191-100x100.jpeg 100w, https:\/\/les-ateliers-dalex.fr\/wp-content\/uploads\/2020\/04\/3C6D36B2-04D4-4792-A739-2A8F5F450191.jpeg 1440w\" sizes=\"auto, (max-width: 767px) 89vw, (max-width: 1000px) 54vw, (max-width: 1071px) 543px, 580px\" \/><\/figure><\/li><\/ul><\/figure>\n","protected":false},"excerpt":{"rendered":"<p>Avec le Centre Social Espalion Estaing (12) *animation d&rsquo;un groupe de paroles \u00ab\u00a0Parents parlons-en\u00a0\u00bb: 1 soir\u00e9e par mois de janvier \u00e0 d\u00e9cembre Avec le Centre Social et d&rsquo;initiatives de Bozouls ( 12) *fonction d\u2019accueillante au Lieu d\u2019Accueil Parents Enfants&nbsp;&nbsp;\u00bb La Papotine&nbsp;\u00bb \u00e0 Bozouls 1 mardi matin sur 2 de janvier \u00e0 septembre 2025. Tous les &hellip; <\/p>\n<p class=\"link-more\"><a href=\"https:\/\/les-ateliers-dalex.fr\/?page_id=1997\" class=\"more-link\">Continuer la lecture<span class=\"screen-reader-text\"> de &laquo;&nbsp;Mes actions et ateliers en 2025&nbsp;&raquo;<\/span><\/a><\/p>\n","protected":false},"author":1,"featured_media":0,"parent":0,"menu_order":0,"comment_status":"closed","ping_status":"closed","template":"","meta":{"footnotes":""},"class_list":["post-1997","page","type-page","status-publish","hentry"],"_links":{"self":[{"href":"https:\/\/les-ateliers-dalex.fr\/index.php?rest_route=\/wp\/v2\/pages\/1997","targetHints":{"allow":["GET"]}}],"collection":[{"href":"https:\/\/les-ateliers-dalex.fr\/index.php?rest_route=\/wp\/v2\/pages"}],"about":[{"href":"https:\/\/les-ateliers-dalex.fr\/index.php?rest_route=\/wp\/v2\/types\/page"}],"author":[{"embeddable":true,"href":"https:\/\/les-ateliers-dalex.fr\/index.php?rest_route=\/wp\/v2\/users\/1"}],"replies":[{"embeddable":true,"href":"https:\/\/les-ateliers-dalex.fr\/index.php?rest_route=%2Fwp%2Fv2%2Fcomments&post=1997"}],"version-history":[{"count":9,"href":"https:\/\/les-ateliers-dalex.fr\/index.php?rest_route=\/wp\/v2\/pages\/1997\/revisions"}],"predecessor-version":[{"id":2136,"href":"https:\/\/les-ateliers-dalex.fr\/index.php?rest_route=\/wp\/v2\/pages\/1997\/revisions\/2136"}],"wp:attachment":[{"href":"https:\/\/les-ateliers-dalex.fr\/index.php?rest_route=%2Fwp%2Fv2%2Fmedia&parent=1997"}],"curies":[{"name":"wp","href":"https:\/\/api.w.org\/{rel}","templated":true}]}}